{"id":305,"date":"2025-01-09T10:53:41","date_gmt":"2025-01-09T09:53:41","guid":{"rendered":"https:\/\/compassen.se\/essunga\/?page_id=305"},"modified":"2025-11-24T19:40:59","modified_gmt":"2025-11-24T18:40:59","slug":"compassen-lidkoping","status":"publish","type":"page","link":"https:\/\/compassen.se\/essunga\/","title":{"rendered":"Compassen Essunga"},"content":{"rendered":"","protected":false},"excerpt":{"rendered":"","protected":false},"author":1,"featured_media":0,"parent":0,"menu_order":0,"comment_status":"closed","ping_status":"closed","template":"templates\/startpage_region.php","meta":{"_acf_changed":false,"inline_featured_image":false,"footnotes":""},"class_list":["post-305","page","type-page","status-publish","hentry"],"acf":[],"yoast_head":"<!-- This site is optimized with the Yoast SEO plugin v25.0 - https:\/\/yoast.com\/wordpress\/plugins\/seo\/ -->\n<title>Compassen | Essunga<\/title>\n<meta name=\"description\" content=\"Compassen i Essunga fr\u00e4mjar psykisk h\u00e4lsa genom aktiviteter, m\u00f6ten och dialog. Bli medlem gratis och ta del av st\u00f6d, nyheter och gemenskap.\" \/>\n<meta name=\"robots\" content=\"index, follow, max-snippet:-1, max-image-preview:large, max-video-preview:-1\" \/>\n<link rel=\"canonical\" href=\"https:\/\/compassen.se\/essunga\/\" \/>\n<meta property=\"og:locale\" content=\"sv_SE\" \/>\n<meta property=\"og:type\" content=\"article\" \/>\n<meta property=\"og:title\" content=\"Compassen | Essunga\" \/>\n<meta property=\"og:description\" content=\"Compassen i Essunga fr\u00e4mjar psykisk h\u00e4lsa genom aktiviteter, m\u00f6ten och dialog. Bli medlem gratis och ta del av st\u00f6d, nyheter och gemenskap.\" \/>\n<meta property=\"og:url\" content=\"https:\/\/compassen.se\/essunga\/\" \/>\n<meta property=\"og:site_name\" content=\"Compassen Essunga\" \/>\n<meta property=\"article:modified_time\" content=\"2025-11-24T18:40:59+00:00\" \/>\n<meta property=\"og:image\" content=\"https:\/\/compassen.se\/essunga\/wp-content\/uploads\/sites\/7\/2025\/05\/compassen_lint_facebook.jpg\" \/>\n\t<meta property=\"og:image:width\" content=\"1200\" \/>\n\t<meta property=\"og:image:height\" content=\"630\" \/>\n\t<meta property=\"og:image:type\" content=\"image\/jpeg\" \/>\n<meta name=\"twitter:card\" content=\"summary_large_image\" \/>\n<meta name=\"twitter:label1\" content=\"Ber\u00e4knad l\u00e4stid\" \/>\n\t<meta name=\"twitter:data1\" content=\"1 minut\" \/>\n<script type=\"application\/ld+json\" class=\"yoast-schema-graph\">{\"@context\":\"https:\/\/schema.org\",\"@graph\":[{\"@type\":\"WebPage\",\"@id\":\"https:\/\/compassen.se\/essunga\/\",\"url\":\"https:\/\/compassen.se\/essunga\/\",\"name\":\"Compassen | Essunga\",\"isPartOf\":{\"@id\":\"https:\/\/compassen.se\/essunga\/#website\"},\"datePublished\":\"2025-01-09T09:53:41+00:00\",\"dateModified\":\"2025-11-24T18:40:59+00:00\",\"description\":\"Compassen i Essunga fr\u00e4mjar psykisk h\u00e4lsa genom aktiviteter, m\u00f6ten och dialog. Bli medlem gratis och ta del av st\u00f6d, nyheter och gemenskap.\",\"breadcrumb\":{\"@id\":\"https:\/\/compassen.se\/essunga\/#breadcrumb\"},\"inLanguage\":\"sv-SE\",\"potentialAction\":[{\"@type\":\"ReadAction\",\"target\":[\"https:\/\/compassen.se\/essunga\/\"]}]},{\"@type\":\"BreadcrumbList\",\"@id\":\"https:\/\/compassen.se\/essunga\/#breadcrumb\",\"itemListElement\":[{\"@type\":\"ListItem\",\"position\":1,\"name\":\"Hem\",\"item\":\"https:\/\/compassen.se\/essunga\/\"},{\"@type\":\"ListItem\",\"position\":2,\"name\":\"Compassen Essunga\"}]},{\"@type\":\"WebSite\",\"@id\":\"https:\/\/compassen.se\/essunga\/#website\",\"url\":\"https:\/\/compassen.se\/essunga\/\",\"name\":\"Compassen Essunga\",\"description\":\"\",\"potentialAction\":[{\"@type\":\"SearchAction\",\"target\":{\"@type\":\"EntryPoint\",\"urlTemplate\":\"https:\/\/compassen.se\/essunga\/?s={search_term_string}\"},\"query-input\":{\"@type\":\"PropertyValueSpecification\",\"valueRequired\":true,\"valueName\":\"search_term_string\"}}],\"inLanguage\":\"sv-SE\"}]}<\/script>\n<!-- \/ Yoast SEO plugin. -->","yoast_head_json":{"title":"Compassen | Essunga","description":"Compassen i Essunga fr\u00e4mjar psykisk h\u00e4lsa genom aktiviteter, m\u00f6ten och dialog. Bli medlem gratis och ta del av st\u00f6d, nyheter och gemenskap.","robots":{"index":"index","follow":"follow","max-snippet":"max-snippet:-1","max-image-preview":"max-image-preview:large","max-video-preview":"max-video-preview:-1"},"canonical":"https:\/\/compassen.se\/essunga\/","og_locale":"sv_SE","og_type":"article","og_title":"Compassen | Essunga","og_description":"Compassen i Essunga fr\u00e4mjar psykisk h\u00e4lsa genom aktiviteter, m\u00f6ten och dialog. Bli medlem gratis och ta del av st\u00f6d, nyheter och gemenskap.","og_url":"https:\/\/compassen.se\/essunga\/","og_site_name":"Compassen Essunga","article_modified_time":"2025-11-24T18:40:59+00:00","og_image":[{"width":1200,"height":630,"url":"https:\/\/compassen.se\/essunga\/wp-content\/uploads\/sites\/7\/2025\/05\/compassen_lint_facebook.jpg","type":"image\/jpeg"}],"twitter_card":"summary_large_image","twitter_misc":{"Ber\u00e4knad l\u00e4stid":"1 minut"},"schema":{"@context":"https:\/\/schema.org","@graph":[{"@type":"WebPage","@id":"https:\/\/compassen.se\/essunga\/","url":"https:\/\/compassen.se\/essunga\/","name":"Compassen | Essunga","isPartOf":{"@id":"https:\/\/compassen.se\/essunga\/#website"},"datePublished":"2025-01-09T09:53:41+00:00","dateModified":"2025-11-24T18:40:59+00:00","description":"Compassen i Essunga fr\u00e4mjar psykisk h\u00e4lsa genom aktiviteter, m\u00f6ten och dialog. Bli medlem gratis och ta del av st\u00f6d, nyheter och gemenskap.","breadcrumb":{"@id":"https:\/\/compassen.se\/essunga\/#breadcrumb"},"inLanguage":"sv-SE","potentialAction":[{"@type":"ReadAction","target":["https:\/\/compassen.se\/essunga\/"]}]},{"@type":"BreadcrumbList","@id":"https:\/\/compassen.se\/essunga\/#breadcrumb","itemListElement":[{"@type":"ListItem","position":1,"name":"Hem","item":"https:\/\/compassen.se\/essunga\/"},{"@type":"ListItem","position":2,"name":"Compassen Essunga"}]},{"@type":"WebSite","@id":"https:\/\/compassen.se\/essunga\/#website","url":"https:\/\/compassen.se\/essunga\/","name":"Compassen Essunga","description":"","potentialAction":[{"@type":"SearchAction","target":{"@type":"EntryPoint","urlTemplate":"https:\/\/compassen.se\/essunga\/?s={search_term_string}"},"query-input":{"@type":"PropertyValueSpecification","valueRequired":true,"valueName":"search_term_string"}}],"inLanguage":"sv-SE"}]}},"_links":{"self":[{"href":"https:\/\/compassen.se\/essunga\/wp-json\/wp\/v2\/pages\/305","targetHints":{"allow":["GET"]}}],"collection":[{"href":"https:\/\/compassen.se\/essunga\/wp-json\/wp\/v2\/pages"}],"about":[{"href":"https:\/\/compassen.se\/essunga\/wp-json\/wp\/v2\/types\/page"}],"author":[{"embeddable":true,"href":"https:\/\/compassen.se\/essunga\/wp-json\/wp\/v2\/users\/1"}],"replies":[{"embeddable":true,"href":"https:\/\/compassen.se\/essunga\/wp-json\/wp\/v2\/comments?post=305"}],"version-history":[{"count":26,"href":"https:\/\/compassen.se\/essunga\/wp-json\/wp\/v2\/pages\/305\/revisions"}],"predecessor-version":[{"id":517,"href":"https:\/\/compassen.se\/essunga\/wp-json\/wp\/v2\/pages\/305\/revisions\/517"}],"wp:attachment":[{"href":"https:\/\/compassen.se\/essunga\/wp-json\/wp\/v2\/media?parent=305"}],"curies":[{"name":"wp","href":"https:\/\/api.w.org\/{rel}","templated":true}]}}